he highest common divisor of q and c.
7
Let h be 232 + -2 - (1 + -2)*1. Calculate the greatest common divisor of h and 21.
21
Let h = -8 + 15. What is the greatest common factor of 28 and h?
7
Suppose -85 = 4*y + 31. Let i = -17 - y. What is the greatest common factor of i and 12?
12
Suppose -32 - 160 = -6*r. Calculate the highest common factor of r and 48.
16
Suppose 3*j - 182 = 2*j. Let f be 9/6*j/21. Calculate the highest common factor of f and 104.
13
Suppose -39 = -5*w + 41. What is the highest common divisor of 4 and w?
4
Let u(v) = -2*v - 3. Let t be u(-4). What is the highest common factor of t and 40?
5
Suppose l - 2 = 1. Let c(x) = x**2 + 5*x - 6. Let a be c(-6). Let d = l - a. What is the highest common factor of 3 and d?
3
Suppose -69 = 2*r - 261. What is the highest common divisor of r and 12?
12
Let f be 208/7 - 2/(-7). Suppose -5*o - 35 = -n, 3*o = n + 2*o - 43. Calculate the highest common divisor of n and f.
15
Suppose q - 2 - 1 = 0. Suppose -q*t - 50 = -4*t. Calculate the highest common factor of t and 10.
10
Let k(w) = w**3 + 4*w**2 - 3. Let u be k(-3). Let o be (-6)/(-15) + (-68)/20. Let x(i) = -i - 1. Let j be x(o). What is the highest common factor of j and u?
2
Let d = -3 + -3. Let a be -12*(-3 - (-32)/d). Calculate the greatest common divisor of a and 25.
25
Let k(p) = -6*p - 3. Let q be k(-2). Suppose -6 = -3*l + q. Suppose -l*h + 22 + 8 = 0. Calculate the greatest common divisor of h and 6.
6
Let h(b) = -b**3 - 5*b**2 + 2*b - 6. Let d(r) = -7*r**3 + r - r - 1 + 2*r**2. Let v be d(1). Let x be h(v). What is the highest common factor of x and 45?
9
Let d = 71 - 55. Calculate the highest common factor of d and 112.
16
Suppose -10*m + 2*m + 104 = 0. Calculate the highest common divisor of 39 and m.
13
Suppose -4*r + 5*a + 108 = 19, -4*r + 49 = 3*a. Calculate the greatest common divisor of r and 40.
8
Suppose c - 4 = 1. Let z(p) be the third derivative of p**5/60 + p**4/24 + 5*p**3/6 + 17*p**2. Let s be z(c). What is the greatest common factor of 5 and s?
5
Let k = 22 + -20. What is the highest common divisor of k and 8?
2
Let v be (-2)/4 - 362/(-4). Let n be (-3 + -2)/(6/(-12)). What is the highest common factor of n and v?
10
Let n = -99 - -120. Suppose -2*f + 5*f = 252. Calculate the greatest common factor of f and n.
21
Let j be -4*((-25)/4 + 0). Suppose -3*l + 7*l + 172 = 4*z, 5*l = -5*z + 175. Suppose 4*w - 1 = z. Calculate the greatest common factor of w and j.
5
Let s(g) = 3*g**2 + 5*g - 16. Let f be s(-6). What is the highest common factor of f and 93?
31
Let n(l) = 5*l**2 - 2*l + 1. Let t be n(2). Suppose 0 = -3*d - 57 + 159. Calculate the highest common divisor of t and d.
17
Let q = 38 - -32. Calculate the greatest common factor of q and 42.
14
Let g be (-136)/12*(-15)/10. What is the highest common factor of g and 136?
17
Suppose 5*c = c + 20. Let z be 36/2 - (-6)/3. Calculate the highest common divisor of z and c.
5
Let a be 3/(60/(-8))*-10. What is the greatest common divisor of 36 and a?
4
Suppose -5*r = -4*b - 76, -29 = -2*r + 2*b + 3. Let y = 141 + -81. Calculate the greatest common factor of r and y.
12
Let r be 3/2*4/6. Let n be (2 - r)/((-1)/(-42)). What is the greatest common factor of 6 and n?
6
Suppose -2*o + 2*l = -10, -5*l + 31 = 2*o - 0*o. What is the highest common factor of o and 32?
8
Let m be (-3 - 3)*(-6)/4. Calculate the greatest common factor of 27 and m.
9
Let x(o) = o**3 + 4*o**2 - 2*o + 5. Let n be x(-4). Suppose -5*c + n + 7 = 0. Let b(m) = -m + 2. Let l be b(-2). What is the highest common divisor of c and l?
4
Let j(l) = 45 - 45 + 0*l + 5*l. Let c be j(4). What is the greatest common divisor of 5 and c?
5
Let t = -158 + 353. What is the highest common factor of 13 and t?
13
Let d be -1 + 1 + -7 + 29. What is the greatest common divisor of d and 2?
2
Suppose 0 = 4*i + 2*p - 30, -8*p + 15 = -3*p. Suppose -3*w = 3*g - i*w - 123, -4*w = -g + 56. What is the highest common divisor of 9 and g?
9
Suppose 7 = s + 1. Let f = s - -4. Calculate the greatest common factor of 15 and f.
5
Suppose -k + 3*y + 5 = 0, -3*k - 2*y - 3*y + 1 = 0. Calculate the greatest common divisor of k and 6.
2
Let q(m) = -m**3 + 9*m**2 + 11*m - 2. Let h be q(10). What is the greatest common factor of h and 64?
8
Let u(x) = 29*x**3 - x**2 + 2*x - 1. Let g be u(1). Suppose 3 = 4*w - g. What is the greatest common factor of 12 and w?
4
Suppose 3*r + 0 = -9. Let l be r/(-2)*(-34)/(-3). Suppose 0*a = -a + l. What is the highest common factor of 68 and a?
17
Let d(c) = -c**3 - 3*c**2 + 12*c - 1. Let g be d(-7). Calculate the highest common divisor of 37 and g.
37
Suppose 81 = 2*w - 123. Let f = 156 - w. Let q be (-2)/(-5) + 88/5. What is the greatest common factor of q and f?
18
Let h be -6*(1 - (4 + 1)). Suppose -4*o = -3*j + o + 4, 5*j = -o + 16. What is the greatest common factor of h and j?
3
Suppose -n + 192 = 2*n. Let i be (-3)/(-12) + 99/4. Suppose -g + 8*w - 7 = 5*w, 5*g - i = 3*w. What is the greatest common factor of n and g?
8
Let p = -6 - -9. Suppose -3*t - 3*w + 0 = -p, 5*w + 5 = -3*t. Suppose 0 = u - 54 + 9. What is the greatest common divisor of t and u?
5
Suppose i - 3 = 3*p, 2*i + 2*p = -2*p + 16. What is the highest common factor of 15 and i?
3
Suppose 2*n - 3 + 0 = 3*g, -n = g - 4. Suppose -4*a + 14 = n*q, 28 = 3*q - 5*a + 5. Calculate the greatest common factor of 24 and q.
6
Suppose -3*w = -5*l - 110, -2*l - 149 = -3*w - 51. Calculate the greatest common divisor of 120 and w.
30
Suppose -4*n + 9*n = 40. Suppose -n*c - 7 = b - 4*c, b - 2*c + 25 = 0. Let t = 1 - b. Calculate the highest common factor of t and 8.
4
Let i = -6 + 7. Suppose 4*h = c + 10, 4*c + 4*h = c + 18. What is the greatest common divisor of c and i?
1
Let o be 5/5 - (-10 + 0). Let h = -4 + o. What is the highest common divisor of 35 and h?
7
Let p = 446 - 301. What is the greatest common factor of p and 29?
29
Let y be (7/3 + -2)/(12/432). Calculate the greatest common factor of 20 and y.
4
Suppose 0 = -2*g + g + 110. Let z = -56 + 96. Suppose -5*o + o + z = 0. Calculate the greatest common factor of g and o.
10
Let d = 117 - 111. Calculate the greatest common divisor of d and 96.
6
Let k(v) = -2*v**3 - 12*v**2 - 3*v - 12. Let u be k(-6). Calculate the highest common divisor of 96 and u.
6
Suppose -7*m + 2*m = -40. Calculate the highest common factor of m and 12.
4
Suppose -4*x + 550 = x. Suppose -49 = -4*j - 3*p, 4*j - 3*p = 30 + 1. Calculate the highest common divisor of j and x.
10
Let a be (2 - 7)*1*-1. Suppose 16*x - 2*b = 13*x + 32, 3*x - 5*b - 35 = 0. Calculate the highest common divisor of a and x.
5
Suppose 8*a = 3*a + 25. Suppose -15 = 5*c - 3*x - 74, -21 = -3*c - 3*x. Suppose a*y = -0*y + c. Calculate the greatest common factor of 2 and y.
2
Let m = 2 + 14. Let g(w) = 111*w**2 + 2*w - 1. Let r be g(1). What is the highest common factor of r and m?
16
Let n(o) = 4*o. Let c be n(1). Suppose 0 = c*k - 2*k - 2. Suppose -5*a = -3*r - 55, -k = -a + r + 12. What is the highest common factor of 4 and a?
4
Suppose -11*k + 4 = -10*k. Suppose 4*y - 183 = i + 4*i, -k*y = 5*i - 153. What is the greatest common divisor of y and 14?
14
Suppose -6*f + 4*o = f - 575, -f - 5*o = -71. Let w = 41 + -19. Suppose w = 3*h - p, -5*p = h - 33 - 1. Calculate the highest common factor of h and f.
9
Let i be (6/6)/(1/9). Suppose -3*b = -75 - 222. What is the greatest common factor of b and i?
9
Let c be (14/35)/(4/140). Calculate the greatest common factor of 154 and c.
14
Suppose -x + 3*x + 3*y = 51, 4*y = -4*x + 92. Calculate the greatest common divisor of 2 and x.
2
Let c be (-32)/(-20)*(-25)/(-10). Suppose c*j - 175 = 5*g, -4*j + j + 165 = 3*g. What is the greatest common divisor of 20 and j?
10
Suppose -112 = -3*v + 4*k, 2*k = 5 + 5. Let y be (40/15)/(2/3). Calculate the greatest common factor of y and v.
4
Suppose 0 = 3*m - 3*a - 3, -20 = -4*m - 5*a + a. Suppose -j + 0*d = d - 11, j = m*d + 7. Calculate the greatest common factor of j and 70.
10
Let y(a) = -a**3 - 9*a**2 - 9*a - 7. Let z be y(-8). Suppose 0 = 5*x - 2*s - 52, 27 + z = 2*x + s. Calculate the highest common factor of 4 and x.
4
Suppose 2*h = -3*h. Let m be h - 97/(-1) - 1. What is the greatest common factor of m and 12?
12
Suppose 0 = -2*r - 2*h + 18, r - 15 = -4*r + 5*h. Calcu